 and 3?
1
Suppose -156 - 488 = -2*m. Let q be (1 + 6)*8/28. Let w be m*(1 + q/(-4)). Calculate the greatest common divisor of 23 and w.
23
Let j(i) = 4*i**2 + 5*i + 6. Let c be j(-6). What is the highest common divisor of 15 and c?
15
Suppose 7*v + 24 = 3*v. Let d = v - -10. What is the highest common divisor of d and 20?
4
Suppose -i + 2*r = -27, 0 = i + r - 5 - 34. What is the highest common divisor of i and 15?
5
Suppose -4*c - l + 14 = 0, -2*c + 5*c - 19 = -5*l. Suppose -2*b + c*b + 3*y = 33, 3*y = -5*b + 177. Calculate the highest common factor of b and 4.
4
Let m(f) = f**2 - 4*f + 22. Let d be m(0). Calculate the greatest common divisor of d and 198.
22
Let s = 11 + -19. Let j be (3 + -11)/(4/s). Calculate the highest common divisor of j and 24.
8
Let m = 1186 - 1058. Calculate the greatest common divisor of m and 32.
32
Let k(w) = -3*w**3 - 9*w**2 - w - 8. Let r be k(-4). Calculate the greatest common factor of 55 and r.
11
Suppose v = i - 3, -v + 2*v - 9 = -3*i. Suppose -2*o - 3*y - 9 = -v*o, -4 = o + y. Let u be 4/o*147/(-14). What is the greatest common factor of 112 and u?
14
Let z(q) = 23*q + 801. Let y be z(-32). Calculate the highest common divisor of y and 637.
13
Let o be (-2*10)/((-8)/10). Let k = -4 - -9. Suppose 2*a + 3*h = 19, a - 5*h + k = -a. What is the highest common factor of o and a?
5
Let c = -1032 - -1520. What is the greatest common factor of c and 8?
8
Let q be (-11*74)/(2 - 4). Calculate the greatest common divisor of q and 37.
37
Let x = 357 - 294. Calculate the highest common factor of x and 54.
9
Let c = 31 + -31. Suppose 0 = -q + 4*b + 10, c*q + 4*q - 2*b = 54. What is the highest common factor of q and 98?
14
Let v = 249 + -125. Let i be (4 + -5)/((-4)/v). Suppose h + 4*p - 20 = 0, -4*h - 3*p + i = 3. What is the greatest common factor of 2 and h?
2
Suppose -3*j - 20 = -0*j - 2*u, -2*j + 2*u - 16 = 0. Let k be (1 + -2 - -1) + j. Let q be 144*(k - (-38)/8). Calculate the greatest common factor of 12 and q.
12
Let w(v) = -v + 6. Let z be w(-6). Let p be z*(-42)/27*-3. Calculate the highest common factor of p and 7.
7
Suppose 0 = -0*i + 3*i - 6, 1073 = 5*r - i. Let h = -85 + r. What is the highest common divisor of h and 52?
26
Let p(n) = -27*n - 208. Let h be p(-24). Calculate the greatest common factor of h and 40.
40
Let o(m) = 3*m + 2. Let s be o(2). Let j = 54 - 38. What is the highest common divisor of j and s?
8
Let q be (-4)/(-6)*(3 + 36/8). Suppose q*g - 232 = 5*a + 148, -71 = -g - 4*a. What is the greatest common divisor of g and 60?
15
Suppose -4*r = -3*r + 5*r. Let y = 57 - 33. Let k = y + r. What is the highest common divisor of 120 and k?
24
Let z be (17 - 15)*(-18)/(-4). Let x = 5 - -4. Let u(j) = -j**3 + 9*j**2 + j + 9. Let d be u(x). What is the highest common divisor of z and d?
9
Let k be (-2 + 9/6)*(107 + -111). Calculate the greatest common factor of 34 and k.
2
Let c be (5 - (-3 - -12)) + 9 + -1. Suppose -u = -2*u - 4*r + 64, 0 = 2*u - 5*r - 115. Suppose 2*m + u = 5*m. What is the greatest common factor of c and m?
4
Let b be (-4 + 4)*(-3 - -2). Let t be (b - -3) + -4 + 49. Calculate the highest common factor of 120 and t.
24
Suppose -5*g + 2 + 8 = 0. Suppose g*c = -4*d - 16, -3*c - 7 = -4*c + d. Let b = -406 - -410. What is the highest common factor of b and c?
2
Let g be 2 + (-1)/((-1)/18). Suppose -124*d + 114*d = -1600. Calculate the greatest common factor of d and g.
20
Let q(u) = 35*u**2 - 60*u - 219. Let p be q(-4). What is the highest common divisor of p and 7?
7
Suppose 4744 + 254 = 6*v. What is the highest common factor of v and 49?
49
Let f(q) = -4 + 0*q**2 - 5*q**2 - 3*q - 2. Let i be f(-3). Let p = i + 59. What is the highest common factor of p and 68?
17
Suppose -4*k - 25 = -5*u, 2 - 22 = -4*u - 2*k. Let y be 15*(-2)/(-9)*(1 + u). Let p = 34 - 14. Calculate the highest common factor of y and p.
20
Let q(v) = v + 76. Let a be q(-22). Calculate the highest common divisor of 171 and a.
9
Suppose -11*b + 159 = -8*b. Suppose -2*f = 5*j - 3*j - 540, -2*j = -f + 255. What is the greatest common factor of f and b?
53
Let c = -33 + 39. Suppose -l = c*l - 168. What is the highest common factor of l and 264?
24
Suppose 4*j + 1 = -2*t + 19, -2*j = -2*t + 6. Suppose -4*n + v = -157, j*v + 111 = 3*n - v. What is the highest common divisor of n and 10?
10
Let j(t) = 2*t + 8. Let u be j(-4). Let w be -1 + u/(-2) + 3. Suppose -a = 3*k - 2*k - 13, 0 = -w*k. Calculate the greatest common divisor of 78 and a.
13
Suppose 6*y - 4*y = 6. Let m(w) be the second derivative of w**4/12 - w**3/2 - w**2/2 + 2*w. Let j be m(-4). Calculate the highest common factor of y and j.
3
Suppose 18 = 2*n - 6*f + 10*f, 0 = -3*n - 3*f + 15. Let v be 3/(18/(-4))*-12. Calculate the greatest common divisor of v and n.
1
Suppose -103*x + 6 = -101*x. Let v be x*(2 - -23) + -3. Calculate the greatest common factor of 18 and v.
18
Let d(v) = v**2 + 10*v - 18. Let k(b) = 2*b**2 + 24*b - 13. Let w be k(-12). Let l be d(w). What is the highest common factor of l and 3?
3
Let h = -293 + 1007. Suppose -5*m + 262 + 457 = -4*c, -c + h = 5*m. Calculate the highest common divisor of m and 26.
13
Let u be 0 - -3 - (-3)/(-3). Let k(n) = 51*n**3 + n**2 - u*n**3 + 28*n**3 - 1. Let q be k(1). What is the highest common factor of q and 7?
7
Let y(o) = 15*o**2 + 10*o - 16. Let j be y(2). Let b = 70 - j. Calculate the greatest common factor of 18 and b.
6
Let r(v) = 7*v**2 - 46*v + 53. Let o(y) = -3*y**2 + 23*y - 26. Let a(m) = -9*o(m) - 4*r(m). Let k be a(-18). Calculate the highest common divisor of 16 and k.
16
Let p(a) = 26*a - 94. Let f be p(11). Calculate the highest common divisor of f and 30.
6
Let h = -5 + 23. Let a = 820 - 1536. Let c be a/(-10) - 2/(-5). What is the greatest common divisor of h and c?
18
Suppose -6*y + 55 + 89 = 0. Calculate the greatest common factor of y and 804.
12
Let l = -95 - -23. Let p be (-16)/l + (-428)/(-18). Calculate the highest common divisor of p and 12.
12
Let b be -3 - (-6)/(24/20). Suppose -w = -3*w + 288. Suppose b*j = w + 48. What is the highest common divisor of 12 and j?
12
Let q(y) = -y**3 - 4*y**2 + 4*y + 34. Let n be q(-5). Calculate the highest common divisor of 507 and n.
39
Let p(n) = 2*n**3 - 7*n**2 + 3*n - 3. Let l be p(6). Suppose -81*c + 791 = -424. What is the greatest common divisor of l and c?
15
Let o(h) = 6*h**2 + 7*h - 3. Let a(m) = 3*m**2 + 4*m - 1. Let v(k) = 5*a(k) - 2*o(k). Let u be v(-3). Calculate the highest common factor of u and 25.
5
Let w be 2*5/(-10)*(-1 + -1). Let u be ((-63)/12)/(w/((-672)/9)). What is the greatest common factor of 14 and u?
14
Let x(d) = 2*d**3 + 30*d**2 + 26*d + 11. Let q be x(-14). What is the greatest common divisor of 91 and q?
13
Let u = 679 - 85. What is the highest common factor of 22 and u?
22
Let k = 11 + -7. Suppose i + i = 5*y + 10, 0 = -k*i - 5*y + 80. Let v be 258/i - (-3)/(-15). What is the greatest common divisor of v and 68?
17
Let h be 24336/(-702)*(2*3)/(-2). Calculate the greatest common factor of h and 192.
8
Let s(q) = 2*q**3 + q**2 - 1. Let p be s(1). Suppose c = -2*w - 0*c + 21, 0 = 2*c - 2. Calculate the greatest common factor of p and w.
2
Let i(b) = 41*b + 119. Let g be i(6). Calculate the greatest common factor of 584 and g.
73
Let p(d) = 3*d**2 + 3*d - 3. Let g(w) = -8*w**2 - 10*w + 8. Let y(v) = -4*g(v) - 11*p(v). Let l be y(3). What is the greatest common factor of l and 117?
13
Suppose 0 = 4*u - 6*u + j + 10, -4*j - 12 = -4*u. Calculate the greatest common factor of u and 8.
1
Let d be -1*4 + 22 + -2. Calculate the highest common divisor of 72 and d.
8
Let b(w) = w**2 - w - 24. Let z be b(-8). Calculate the highest common divisor of z and 192.
48
Let c be 9/(3 - (2 + 0)). Suppose -35 = -5*k - 5*p, 2*k + 9 = 5*p + 44. Let g be (-15)/k*2/(-3). Calculate the highest common divisor of g and c.
1
Suppose 3*j - 50 = 4. Suppose 7*i - 2*i + 2*q = -99, 2*i - 5*q + 57 = 0. Let u = i - -30. Calculate the greatest common factor of u and j.
9
Let b(f) = -f**3 + 19*f**2 - 42*f + 14. Let n be b(12). What is the greatest common factor of 7 and n?
7
Suppose -u - 3*g = -453, -4*u + 2*g + 1586 = -226. What is the greatest common factor of 3 and u?
3
Suppose r + 4*r - 84 = -3*u, -54 = -4*r + 2*u. Suppose r*k - 235 + 55 = 0. Let l